{"id":4536,"date":"2024-07-03T12:10:14","date_gmt":"2024-07-03T10:10:14","guid":{"rendered":"https:\/\/www.bloqsens.com\/faq\/worum-geht-es-bei-der-eu-batterieverordnung\/"},"modified":"2024-10-07T15:34:42","modified_gmt":"2024-10-07T13:34:42","password":"","slug":"worum-geht-es-bei-der-eu-batterieverordnung","status":"publish","type":"docs","link":"https:\/\/www.bloqsens.com\/de\/faq\/worum-geht-es-bei-der-eu-batterieverordnung\/","title":{"rendered":"Worum geht es bei der EU-Batterieverordnung?"},"content":{"rendered":"<p><strong>In aller K\u00fcrze:<\/strong><\/p>\n<ul>\n<li>Ab dem 18. Februar 2027 m\u00fcssen EV*- und LMT**-Batterien sowie Industriebatterien mit einer Kapazit\u00e4t von &gt;2 kWh mit einem Batteriepass elektronisch registriert werden.<br \/>\n<em><small>*EV: Elektrofahrzeuge (Batterien f\u00fcr Autos) | ** LMT: leichte Transportmittel (Batterien f\u00fcr E-Bikes, E-Scooter und \u00e4hnliche)<\/small><\/em><\/li>\n<li>Der Hersteller oder Importeur ist daf\u00fcr verantwortlich, dass der Batteriepass ordnungsgem\u00e4\u00df umgesetzt wird.<\/li>\n<li>Der Pass muss spezifische Informationen \u00fcber die Batterien, aber auch \u00fcber die ESG-Anforderungen enthalten und Anweisungen zur Handhabung der Batterien sowohl f\u00fcr die Zweit-\/Drittverwendung als auch f\u00fcr das Recycling enthalten.<\/li>\n<\/ul>\n<p>&nbsp;<\/p>\n<p><em>&#8222;Die EU-Vorschriften f\u00fcr Batterien zielen darauf ab, Batterien w\u00e4hrend ihres gesamten Lebenszyklus nachhaltig zu machen &#8211; von der Beschaffung der Materialien bis hin zu ihrer Sammlung, ihrem Recycling und ihrer Wiederverwendung. Im aktuellen Energiekontext f\u00f6rdern die neuen Vorschriften die Entwicklung einer wettbewerbsf\u00e4higen, nachhaltigen Batterieindustrie, die Europas saubere Energiewende und Unabh\u00e4ngigkeit von Brennstoffimporten unterst\u00fctzen wird.&#8220;<\/em><\/p>\n<p>&nbsp;<\/p>\n<p><strong>Quellen und mehr zum Lesen:<\/strong><\/p>\n<ul>\n<li><a style=\"color: #29a9e1; text-decoration: underline;\" href=\"https:\/\/environment.ec.europa.eu\/topics\/waste-and-recycling\/batteries_en\" target=\"_blank\" rel=\"noopener\">Europ\u00e4ische Kommission: Sicherstellen, dass Batterien, die in der EU auf den Markt gebracht werden, w\u00e4hrend ihres gesamten Lebenszyklus nachhaltig und kreislauff\u00e4hig sind<\/a><\/li>\n<li><a style=\"color: #29a9e1; text-decoration: underline;\" href=\"https:\/\/eur-lex.europa.eu\/legal-content\/EN\/TXT\/PDF\/?uri=CELEX:32023R1542\" target=\"_blank\" rel=\"noopener\">Neue Batterieverordnung, in Kraft getreten am 17. August 2023 (Englisch)<\/a><\/li>\n<li><a style=\"color: #29a9e1; text-decoration: underline;\" href=\"https:\/\/eur-lex.europa.eu\/legal-content\/DE\/TXT\/PDF\/?uri=CELEX:32023R1542\" target=\"_blank\" rel=\"noopener\">Neue Batterieverordnung, in Kraft getreten am 17. August 2023 (Deutsch)<\/a><\/li>\n<\/ul>\n","protected":false},"excerpt":{"rendered":"<p>In aller K\u00fcrze: Ab dem 18. Februar 2027 m\u00fcssen EV*- und LMT**-Batterien sowie Industriebatterien mit einer Kapazit\u00e4t von &gt;2 kWh mit einem Batteriepass elektronisch registriert werden. *EV: Elektrofahrzeuge (Batterien f\u00fcr Autos) | ** LMT: leichte Transportmittel (Batterien f\u00fcr E-Bikes, E-Scooter und \u00e4hnliche) Der Hersteller oder Importeur ist daf\u00fcr verantwortlich, dass der Batteriepass ordnungsgem\u00e4\u00df umgesetzt wird. [&hellip;]<\/p>\n","protected":false},"author":2,"featured_media":0,"comment_status":"closed","ping_status":"closed","template":"","meta":{"_acf_changed":false,"inline_featured_image":false,"footnotes":""},"doc_category":[45],"doc_tag":[],"class_list":["post-4536","docs","type-docs","status-publish","hentry","doc_category-digitaler-batteriepass"],"acf":[],"year_month":"2026-05","word_count":200,"total_views":"2610","reactions":{"happy":"0","normal":"0","sad":"0"},"author_info":{"name":"BloqSensAdmin","author_nicename":"bloqsensadmin","author_url":"https:\/\/www.bloqsens.com\/de\/author\/bloqsensadmin\/"},"doc_category_info":[{"term_name":"Digitaler Batteriepass (DBP)","term_url":"https:\/\/www.bloqsens.com\/de\/faq-category\/digitaler-batteriepass\/"}],"doc_tag_info":[],"yoast_head":"<!-- This site is optimized with the Yoast SEO plugin v26.8 - https:\/\/yoast.com\/product\/yoast-seo-wordpress\/ -->\n<title>Worum geht es bei der EU-Batterieverordnung? - BloqSens AG<\/title>\n<meta name=\"description\" content=\"Ab dem 18. Februar 2027 m\u00fcssen EV- und LMT-Batterien sowie Industriebatterien mit einer Kapazit\u00e4t &gt;2 kWh elektronisch mit einem Batteriepass registriert werden.\" \/>\n<meta name=\"robots\" content=\"index, follow, max-snippet:-1, max-image-preview:large, max-video-preview:-1\" \/>\n<link rel=\"canonical\" href=\"https:\/\/www.bloqsens.com\/de\/faq\/worum-geht-es-bei-der-eu-batterieverordnung\/\" \/>\n<meta property=\"og:locale\" content=\"de_DE\" \/>\n<meta property=\"og:type\" content=\"article\" \/>\n<meta property=\"og:title\" content=\"Worum geht es bei der EU-Batterieverordnung? - BloqSens AG\" \/>\n<meta property=\"og:description\" content=\"Ab dem 18. Februar 2027 m\u00fcssen EV- und LMT-Batterien sowie Industriebatterien mit einer Kapazit\u00e4t &gt;2 kWh elektronisch mit einem Batteriepass registriert werden.\" \/>\n<meta property=\"og:url\" content=\"https:\/\/www.bloqsens.com\/de\/faq\/worum-geht-es-bei-der-eu-batterieverordnung\/\" \/>\n<meta property=\"og:site_name\" content=\"BloqSens AG\" \/>\n<meta property=\"article:modified_time\" content=\"2024-10-07T13:34:42+00:00\" \/>\n<meta name=\"twitter:card\" content=\"summary_large_image\" \/>\n<meta name=\"twitter:label1\" content=\"Gesch\u00e4tzte Lesezeit\" \/>\n\t<meta name=\"twitter:data1\" content=\"1\u00a0Minute\" \/>\n<script type=\"application\/ld+json\" class=\"yoast-schema-graph\">{\"@context\":\"https:\/\/schema.org\",\"@graph\":[{\"@type\":\"WebPage\",\"@id\":\"https:\/\/www.bloqsens.com\/de\/faq\/worum-geht-es-bei-der-eu-batterieverordnung\/\",\"url\":\"https:\/\/www.bloqsens.com\/de\/faq\/worum-geht-es-bei-der-eu-batterieverordnung\/\",\"name\":\"Worum geht es bei der EU-Batterieverordnung? - BloqSens AG\",\"isPartOf\":{\"@id\":\"https:\/\/www.bloqsens.com\/de\/#website\"},\"datePublished\":\"2024-07-03T10:10:14+00:00\",\"dateModified\":\"2024-10-07T13:34:42+00:00\",\"description\":\"Ab dem 18. Februar 2027 m\u00fcssen EV- und LMT-Batterien sowie Industriebatterien mit einer Kapazit\u00e4t >2 kWh elektronisch mit einem Batteriepass registriert werden.\",\"breadcrumb\":{\"@id\":\"https:\/\/www.bloqsens.com\/de\/faq\/worum-geht-es-bei-der-eu-batterieverordnung\/#breadcrumb\"},\"inLanguage\":\"de\",\"potentialAction\":[{\"@type\":\"ReadAction\",\"target\":[\"https:\/\/www.bloqsens.com\/de\/faq\/worum-geht-es-bei-der-eu-batterieverordnung\/\"]}]},{\"@type\":\"BreadcrumbList\",\"@id\":\"https:\/\/www.bloqsens.com\/de\/faq\/worum-geht-es-bei-der-eu-batterieverordnung\/#breadcrumb\",\"itemListElement\":[{\"@type\":\"ListItem\",\"position\":1,\"name\":\"Startseite\",\"item\":\"https:\/\/www.bloqsens.com\/de\/\"},{\"@type\":\"ListItem\",\"position\":2,\"name\":\"Worum geht es bei der EU-Batterieverordnung?\"}]},{\"@type\":\"WebSite\",\"@id\":\"https:\/\/www.bloqsens.com\/de\/#website\",\"url\":\"https:\/\/www.bloqsens.com\/de\/\",\"name\":\"BloqSens AG\",\"description\":\"\",\"publisher\":{\"@id\":\"https:\/\/www.bloqsens.com\/de\/#organization\"},\"potentialAction\":[{\"@type\":\"SearchAction\",\"target\":{\"@type\":\"EntryPoint\",\"urlTemplate\":\"https:\/\/www.bloqsens.com\/de\/?s={search_term_string}\"},\"query-input\":{\"@type\":\"PropertyValueSpecification\",\"valueRequired\":true,\"valueName\":\"search_term_string\"}}],\"inLanguage\":\"de\"},{\"@type\":\"Organization\",\"@id\":\"https:\/\/www.bloqsens.com\/de\/#organization\",\"name\":\"BloqSens AG\",\"url\":\"https:\/\/www.bloqsens.com\/de\/\",\"logo\":{\"@type\":\"ImageObject\",\"inLanguage\":\"de\",\"@id\":\"https:\/\/www.bloqsens.com\/de\/#\/schema\/logo\/image\/\",\"url\":\"https:\/\/www.bloqsens.com\/wp-content\/uploads\/2023\/06\/Asset-1.svg\",\"contentUrl\":\"https:\/\/www.bloqsens.com\/wp-content\/uploads\/2023\/06\/Asset-1.svg\",\"caption\":\"BloqSens AG\"},\"image\":{\"@id\":\"https:\/\/www.bloqsens.com\/de\/#\/schema\/logo\/image\/\"}}]}<\/script>\n<!-- \/ Yoast SEO plugin. -->","yoast_head_json":{"title":"Worum geht es bei der EU-Batterieverordnung? - BloqSens AG","description":"Ab dem 18. Februar 2027 m\u00fcssen EV- und LMT-Batterien sowie Industriebatterien mit einer Kapazit\u00e4t >2 kWh elektronisch mit einem Batteriepass registriert werden.","robots":{"index":"index","follow":"follow","max-snippet":"max-snippet:-1","max-image-preview":"max-image-preview:large","max-video-preview":"max-video-preview:-1"},"canonical":"https:\/\/www.bloqsens.com\/de\/faq\/worum-geht-es-bei-der-eu-batterieverordnung\/","og_locale":"de_DE","og_type":"article","og_title":"Worum geht es bei der EU-Batterieverordnung? - BloqSens AG","og_description":"Ab dem 18. Februar 2027 m\u00fcssen EV- und LMT-Batterien sowie Industriebatterien mit einer Kapazit\u00e4t >2 kWh elektronisch mit einem Batteriepass registriert werden.","og_url":"https:\/\/www.bloqsens.com\/de\/faq\/worum-geht-es-bei-der-eu-batterieverordnung\/","og_site_name":"BloqSens AG","article_modified_time":"2024-10-07T13:34:42+00:00","twitter_card":"summary_large_image","twitter_misc":{"Gesch\u00e4tzte Lesezeit":"1\u00a0Minute"},"schema":{"@context":"https:\/\/schema.org","@graph":[{"@type":"WebPage","@id":"https:\/\/www.bloqsens.com\/de\/faq\/worum-geht-es-bei-der-eu-batterieverordnung\/","url":"https:\/\/www.bloqsens.com\/de\/faq\/worum-geht-es-bei-der-eu-batterieverordnung\/","name":"Worum geht es bei der EU-Batterieverordnung? - BloqSens AG","isPartOf":{"@id":"https:\/\/www.bloqsens.com\/de\/#website"},"datePublished":"2024-07-03T10:10:14+00:00","dateModified":"2024-10-07T13:34:42+00:00","description":"Ab dem 18. Februar 2027 m\u00fcssen EV- und LMT-Batterien sowie Industriebatterien mit einer Kapazit\u00e4t >2 kWh elektronisch mit einem Batteriepass registriert werden.","breadcrumb":{"@id":"https:\/\/www.bloqsens.com\/de\/faq\/worum-geht-es-bei-der-eu-batterieverordnung\/#breadcrumb"},"inLanguage":"de","potentialAction":[{"@type":"ReadAction","target":["https:\/\/www.bloqsens.com\/de\/faq\/worum-geht-es-bei-der-eu-batterieverordnung\/"]}]},{"@type":"BreadcrumbList","@id":"https:\/\/www.bloqsens.com\/de\/faq\/worum-geht-es-bei-der-eu-batterieverordnung\/#breadcrumb","itemListElement":[{"@type":"ListItem","position":1,"name":"Startseite","item":"https:\/\/www.bloqsens.com\/de\/"},{"@type":"ListItem","position":2,"name":"Worum geht es bei der EU-Batterieverordnung?"}]},{"@type":"WebSite","@id":"https:\/\/www.bloqsens.com\/de\/#website","url":"https:\/\/www.bloqsens.com\/de\/","name":"BloqSens AG","description":"","publisher":{"@id":"https:\/\/www.bloqsens.com\/de\/#organization"},"potentialAction":[{"@type":"SearchAction","target":{"@type":"EntryPoint","urlTemplate":"https:\/\/www.bloqsens.com\/de\/?s={search_term_string}"},"query-input":{"@type":"PropertyValueSpecification","valueRequired":true,"valueName":"search_term_string"}}],"inLanguage":"de"},{"@type":"Organization","@id":"https:\/\/www.bloqsens.com\/de\/#organization","name":"BloqSens AG","url":"https:\/\/www.bloqsens.com\/de\/","logo":{"@type":"ImageObject","inLanguage":"de","@id":"https:\/\/www.bloqsens.com\/de\/#\/schema\/logo\/image\/","url":"https:\/\/www.bloqsens.com\/wp-content\/uploads\/2023\/06\/Asset-1.svg","contentUrl":"https:\/\/www.bloqsens.com\/wp-content\/uploads\/2023\/06\/Asset-1.svg","caption":"BloqSens AG"},"image":{"@id":"https:\/\/www.bloqsens.com\/de\/#\/schema\/logo\/image\/"}}]}},"knowledge_base_info":[],"knowledge_base_slug":[],"_links":{"self":[{"href":"https:\/\/www.bloqsens.com\/de\/wp-json\/wp\/v2\/docs\/4536","targetHints":{"allow":["GET"]}}],"collection":[{"href":"https:\/\/www.bloqsens.com\/de\/wp-json\/wp\/v2\/docs"}],"about":[{"href":"https:\/\/www.bloqsens.com\/de\/wp-json\/wp\/v2\/types\/docs"}],"author":[{"embeddable":true,"href":"https:\/\/www.bloqsens.com\/de\/wp-json\/wp\/v2\/users\/2"}],"replies":[{"embeddable":true,"href":"https:\/\/www.bloqsens.com\/de\/wp-json\/wp\/v2\/comments?post=4536"}],"version-history":[{"count":1,"href":"https:\/\/www.bloqsens.com\/de\/wp-json\/wp\/v2\/docs\/4536\/revisions"}],"predecessor-version":[{"id":6492,"href":"https:\/\/www.bloqsens.com\/de\/wp-json\/wp\/v2\/docs\/4536\/revisions\/6492"}],"wp:attachment":[{"href":"https:\/\/www.bloqsens.com\/de\/wp-json\/wp\/v2\/media?parent=4536"}],"wp:term":[{"taxonomy":"doc_category","embeddable":true,"href":"https:\/\/www.bloqsens.com\/de\/wp-json\/wp\/v2\/doc_category?post=4536"},{"taxonomy":"doc_tag","embeddable":true,"href":"https:\/\/www.bloqsens.com\/de\/wp-json\/wp\/v2\/doc_tag?post=4536"}],"curies":[{"name":"wp","href":"https:\/\/api.w.org\/{rel}","templated":true}]}}

<p><strong>In aller Kürze:</strong></p>
<ul>
<li>Ab dem 18. Februar 2027 müssen EV*- und LMT**-Batterien sowie Industriebatterien mit einer Kapazität von &gt;2 kWh mit einem Batteriepass elektronisch registriert werden.<br />
<em><small>*EV: Elektrofahrzeuge (Batterien für Autos) | ** LMT: leichte Transportmittel (Batterien für E-Bikes, E-Scooter und ähnliche)</small></em></li>
<li>Der Hersteller oder Importeur ist dafür verantwortlich, dass der Batteriepass ordnungsgemäß umgesetzt wird.</li>
<li>Der Pass muss spezifische Informationen über die Batterien, aber auch über die ESG-Anforderungen enthalten und Anweisungen zur Handhabung der Batterien sowohl für die Zweit-/Drittverwendung als auch für das Recycling enthalten.</li>
</ul>
<p>&nbsp;</p>
<p><em>&#8222;Die EU-Vorschriften für Batterien zielen darauf ab, Batterien während ihres gesamten Lebenszyklus nachhaltig zu machen &#8211; von der Beschaffung der Materialien bis hin zu ihrer Sammlung, ihrem Recycling und ihrer Wiederverwendung. Im aktuellen Energiekontext fördern die neuen Vorschriften die Entwicklung einer wettbewerbsfähigen, nachhaltigen Batterieindustrie, die Europas saubere Energiewende und Unabhängigkeit von Brennstoffimporten unterstützen wird.&#8220;</em></p>
<p>&nbsp;</p>
<p><strong>Quellen und mehr zum Lesen:</strong></p>
<ul>
<li><a style="color: #29a9e1; text-decoration: underline;" href="https://environment.ec.europa.eu/topics/waste-and-recycling/batteries_en" target="_blank" rel="noopener">Europäische Kommission: Sicherstellen, dass Batterien, die in der EU auf den Markt gebracht werden, während ihres gesamten Lebenszyklus nachhaltig und kreislauffähig sind</a></li>
<li><a style="color: #29a9e1; text-decoration: underline;" href="https://eur-lex.europa.eu/legal-content/EN/TXT/PDF/?uri=CELEX:32023R1542" target="_blank" rel="noopener">Neue Batterieverordnung, in Kraft getreten am 17. August 2023 (Englisch)</a></li>
<li><a style="color: #29a9e1; text-decoration: underline;" href="https://eur-lex.europa.eu/legal-content/DE/TXT/PDF/?uri=CELEX:32023R1542" target="_blank" rel="noopener">Neue Batterieverordnung, in Kraft getreten am 17. August 2023 (Deutsch)</a></li>
</ul>

<p>In aller Kürze: Ab dem 18. Februar 2027 müssen EV*- und LMT**-Batterien sowie Industriebatterien mit einer Kapazität von &gt;2 kWh mit einem Batteriepass elektronisch registriert werden. *EV: Elektrofahrzeuge (Batterien für Autos) | ** LMT: leichte Transportmittel (Batterien für E-Bikes, E-Scooter und ähnliche) Der Hersteller oder Importeur ist dafür verantwortlich, dass der Batteriepass ordnungsgemäß umgesetzt wird. [&hellip;]</p>

<!-- This site is optimized with the Yoast SEO plugin v26.8 - https://yoast.com/product/yoast-seo-wordpress/ -->
<title>Worum geht es bei der EU-Batterieverordnung? - BloqSens AG</title>
<meta name="description" content="Ab dem 18. Februar 2027 müssen EV- und LMT-Batterien sowie Industriebatterien mit einer Kapazität &gt;2 kWh elektronisch mit einem Batteriepass registriert werden." />
<meta name="robots" content="index, follow, max-snippet:-1, max-image-preview:large, max-video-preview:-1" />
<link rel="canonical" href="https://www.bloqsens.com/de/faq/worum-geht-es-bei-der-eu-batterieverordnung/" />
<meta property="og:locale" content="de_DE" />
<meta property="og:type" content="article" />
<meta property="og:title" content="Worum geht es bei der EU-Batterieverordnung? - BloqSens AG" />
<meta property="og:description" content="Ab dem 18. Februar 2027 müssen EV- und LMT-Batterien sowie Industriebatterien mit einer Kapazität &gt;2 kWh elektronisch mit einem Batteriepass registriert werden." />
<meta property="og:url" content="https://www.bloqsens.com/de/faq/worum-geht-es-bei-der-eu-batterieverordnung/" />
<meta property="og:site_name" content="BloqSens AG" />
<meta property="article:modified_time" content="2024-10-07T13:34:42+00:00" />
<meta name="twitter:card" content="summary_large_image" />
<meta name="twitter:label1" content="Geschätzte Lesezeit" />
	<meta name="twitter:data1" content="1 Minute" />
<script type="application/ld+json" class="yoast-schema-graph">{"@context":"https://schema.org","@graph":[{"@type":"WebPage","@id":"https://www.bloqsens.com/de/faq/worum-geht-es-bei-der-eu-batterieverordnung/","url":"https://www.bloqsens.com/de/faq/worum-geht-es-bei-der-eu-batterieverordnung/","name":"Worum geht es bei der EU-Batterieverordnung? - BloqSens AG","isPartOf":{"@id":"https://www.bloqsens.com/de/#website"},"datePublished":"2024-07-03T10:10:14+00:00","dateModified":"2024-10-07T13:34:42+00:00","description":"Ab dem 18. Februar 2027 müssen EV- und LMT-Batterien sowie Industriebatterien mit einer Kapazität >2 kWh elektronisch mit einem Batteriepass registriert werden.","breadcrumb":{"@id":"https://www.bloqsens.com/de/faq/worum-geht-es-bei-der-eu-batterieverordnung/#breadcrumb"},"inLanguage":"de","potentialAction":[{"@type":"ReadAction","target":["https://www.bloqsens.com/de/faq/worum-geht-es-bei-der-eu-batterieverordnung/"]}]},{"@type":"BreadcrumbList","@id":"https://www.bloqsens.com/de/faq/worum-geht-es-bei-der-eu-batterieverordnung/#breadcrumb","itemListElement":[{"@type":"ListItem","position":1,"name":"Startseite","item":"https://www.bloqsens.com/de/"},{"@type":"ListItem","position":2,"name":"Worum geht es bei der EU-Batterieverordnung?"}]},{"@type":"WebSite","@id":"https://www.bloqsens.com/de/#website","url":"https://www.bloqsens.com/de/","name":"BloqSens AG","description":"","publisher":{"@id":"https://www.bloqsens.com/de/#organization"},"potentialAction":[{"@type":"SearchAction","target":{"@type":"EntryPoint","urlTemplate":"https://www.bloqsens.com/de/?s={search_term_string}"},"query-input":{"@type":"PropertyValueSpecification","valueRequired":true,"valueName":"search_term_string"}}],"inLanguage":"de"},{"@type":"Organization","@id":"https://www.bloqsens.com/de/#organization","name":"BloqSens AG","url":"https://www.bloqsens.com/de/","logo":{"@type":"ImageObject","inLanguage":"de","@id":"https://www.bloqsens.com/de/#/schema/logo/image/","url":"https://www.bloqsens.com/wp-content/uploads/2023/06/Asset-1.svg","contentUrl":"https://www.bloqsens.com/wp-content/uploads/2023/06/Asset-1.svg","caption":"BloqSens AG"},"image":{"@id":"https://www.bloqsens.com/de/#/schema/logo/image/"}}]}</script>
<!-- / Yoast SEO plugin. -->

Ab dem 18. Februar 2027 müssen EV- und LMT-Batterien sowie Industriebatterien mit einer Kapazität >2 kWh elektronisch mit einem Batteriepass registriert werden.
